 h(0)?
239
Let a = 0 + 5. Suppose -5*x = 3*i - 42, -5*x + 50 = -5*i - 0. Suppose a*h - x = 36. List the prime factors of h.
3
Suppose -5*u - 82 = t + 3*t, -4*u = 2*t + 68. What are the prime factors of (-346)/(-18) - (-4)/u?
19
Suppose 0 = -4*r + r - 9. Let p = r - -10. What are the prime factors of p?
7
Let s(f) = -f**3 - f**2 + f + 63. List the prime factors of s(0).
3, 7
Let s(p) be the second derivative of -p**5/20 + p**4/3 + 4*p**3/3 + p**2/2 - 8*p. List the prime factors of s(4).
3, 11
Let i(m) = 2*m**2 + 8*m - 9. List the prime factors of i(-8).
5, 11
Let y be 4/18 + 56/(-9). Let q = y + 19. What are the prime factors of q?
13
Let t(a) = -10*a**2 + a + 1. Let z be t(-1). List the prime factors of (-6)/z - (-144)/60.
3
Suppose 0 = -2*i - 3*i + 45. Let u be (-3)/i + (-14)/(-6). Suppose -t - u = -4. What are the prime factors of t?
2
Let w be -3 + (-1 - 1) + 3. Let b be 20/8 - (-1)/w. Let m(x) = -x**2 + 4*x - 1. What are the prime factors of m(b)?
3
Let k(y) be the second derivative of y**5/20 + 5*y**4/12 - y**3/6 - 2*y**2 - 2*y. Let m be k(-5). Let c = 2 + m. List the prime factors of c.
3
Let t = -52 - -73. Let x be t*1/(-6)*-4. Suppose -2*w - 2*w + 11 = k, 0 = -4*k - w + x. List the prime factors of k.
3
Let x = -54 - -38. Suppose -2*s = 3*c - 69, 2*s + 5*c - 133 = -2*s. Let n = x + s. What are the prime factors of n?
11
Suppose -2 = -0*i - 2*i. Let w(k) = -3 + 28*k - 27*k + 11*k**3 + 3. What are the prime factors of w(i)?
2, 3
Let x(i) = i**2 + 10*i - 2. Let t be x(-10). Let d(p) = -3*p + 4. List the prime factors of d(t).
2, 5
What are the prime factors of (-546)/(-12) - 6/4?
2, 11
Let b(s) = 2*s**2 - 13*s - 10. Let r be b(10). Suppose 3*h + 3*a = r, 0*a + a = 2*h - 25. What are the prime factors of h?
3, 5
Suppose 6 = 2*g - 0. What are the prime factors of g?
3
Let f(b) = -3*b**2 - b + 6. Let y(p) = -3*p**2 - p + 5. Let a(w) = 5*f(w) - 6*y(w). What are the prime factors of a(3)?
2, 3, 5
Suppose 2*d - 96 = -5*t, -d - 3*t + 0*t + 46 = 0. List the prime factors of d.
2, 29
Let v(a) be the third derivative of -29*a**4/24 + a**3/3 - 2*a**2. Let k be v(-2). Suppose -3*m - 2*m = -k. List the prime factors of m.
2, 3
Let l be 2/4 - 19/(-2). What are the prime factors of 216/20 + 2/l?
11
Let y = -37 - -45. What are the prime factors of y?
2
Let j(x) be the first derivative of -x**3/3 + 9*x**2/2 - 6*x - 1. Let g(w) = 3*w - 7. Let d be g(5). List the prime factors of j(d).
2
List the prime factors of (-2)/(-4 + 158/40).
2, 5
Let p(d) = d**2 - 1. Let f(y) = 6*y + 6. Let v be (-3)/(-12) + 3/4. Let q(l) = v*p(l) + f(l). List the prime factors of q(-6).
5
Suppose -v - 7 = -2. Let p = 11 + v. What are the prime factors of p?
2, 3
Suppose -10 = -4*s + 9*s. What are the prime factors of 2*((-105)/s)/7?
3, 5
Let s(w) = -w**2 + 14*w - 5. Let o be s(10). Let i = o + -8. What are the prime factors of i?
3
Suppose 0 = -2*h + 3*h + 4. Let o = 9 - h. List the prime factors of o.
13
Let m(s) = 0*s - 3*s**2 + 2*s**2 + 1 - 8*s + 0*s**2. List the prime factors of m(-5).
2
Suppose -2*t - 60 = -3*t. Let c = 35 - t. Let x = c - -36. List the prime factors of x.
11
Let q = 10 + 194. List the prime factors of q/10 + 6/(-15).
2, 5
Suppose z + 6 = -5*c, -3*c - 1 = z + 1. Suppose p = -5*l + 50, 2*p + z*l - 2*l - 60 = 0. List the prime factors of p.
5
Let v = -18 + 32. Let s = v + -9. List the prime factors of s.
5
Let n = 1 - -2. Suppose 2*d + v = 8, -4*d + v = -n*v + 8. List the prime factors of 3 - 6 - (-20)/d.
7
Suppose -76 = -s + 13. List the prime factors of s.
89
Let k = 3 + -1. Suppose 11 = 3*i - k*d - 3*d, -4*i = -3*d - 33. What are the prime factors of (-9)/i - 215/(-20)?
2, 5
Let a be (6/9)/((-1)/(-66)). Suppose 3*u - a = -m, -108 = m - 4*m - u. What are the prime factors of m?
5, 7
Let z be ((-24)/20)/((-2)/(-30)). List the prime factors of 5*(z/(-10) + -1).
2
Let w(n) = -n**2 - 9*n - 7. Let u be 4/14 - (-10)/14. Let k be ((-2)/u)/(2/7). List the prime factors of w(k).
7
Let y(l) = -6*l - 1. Let b(c) = c. Let g(o) = 5*b(o) - y(o). Let s be g(2). Suppose -s = -2*w + 1. What are the prime factors of w?
2, 3
List the prime factors of 2*(-12)/18*-231.
2, 7, 11
Let x(k) = -6*k - 5. Let u be x(-8). Let t = 66 - u. What are the prime factors of t?
23
Let q be (12/10)/((-2)/10). Let p = -3 - q. List the prime factors of p.
3
Let h = 29 - 5. Let d be (9/(-2))/((-51)/(-136)). Let y = h + d. List the prime factors of y.
2, 3
Let c(t) = -t**3 + 7*t**2 - 4*t - 5. Let r = 10 - 4. What are the prime factors of c(r)?
7
Suppose -q = 4*z + 2*q + 49, 0 = 3*z + 4*q + 42. Let k(o) = o**2 + 2*o + 4. Let p be k(-5). Let v = z + p. What are the prime factors of v?
3
Let t(o) = o**3 - 6*o**2 + 6*o - 2. Let x be t(5). Let h = x + 12. List the prime factors of h.
3, 5
Suppose -5*w + 3 + 2 = 0. Let l(g) = 21*g**3 - 1. What are the prime factors of l(w)?
2, 5
What are the prime factors of 6/4*3*4?
2, 3
Suppose 5*y - 5 = -3*v, v - 2*y - 3*y = -5. Let a = 4 - v. List the prime factors of a.
2
Suppose 2*o + 4*r = 55 + 19, -3*o = -5*r - 122. What are the prime factors of o?
3, 13
Let v(q) = -q**2 + 10*q - 2. Let n = 27 - 19. List the prime factors of v(n).
2, 7
Let j(s) = s**3 + 7*s**2 + s + 10. Let q be j(-7). Suppose -32 - 4 = -q*m. Suppose -4*p + 0*i = i - m, -p = -2*i + 6. What are the prime factors of p?
2
Suppose 2*l = 2*b - 0*l - 34, -4*b - l = -73. What are the prime factors of b?
2, 3
Suppose 0 = -3*y + 147 - 51. List the prime factors of y.
2
Let v(n) = -39*n + 1. What are the prime factors of v(-1)?
2, 5
Let c(t) = 4*t**2 - 3*t + 1. What are the prime factors of c(2)?
11
Let g(t) = 2*t**3 + 6 + t - 3*t**3 - 4 + t**2. Let d be g(2). Suppose -6 = -d*i - i. List the prime factors of i.
2, 3
Let o = 15 + -8. Suppose 5*m - 8 - 17 = -4*x, -2*m + 8 = 2*x. Suppose -3*a + 5*i = -o*a - m, 5*a - 5*i = 45. What are the prime factors of a?
2
Suppose 4 + 1 = -5*p. Let y be 0/1 - p - -2. Let d = 2 + y. List the prime factors of d.
5
Let g(r) = -r**2 - 3*r + 1. Let v be g(-5). Suppose -144 = -2*s + 11*s. Let a = v - s. List the prime factors of a.
7
Let m be 2/5 - 165/(-25). Let k(i) = -i**2 + 9*i + 3. What are the prime factors of k(m)?
17
Let w = 983 + -572. List the prime factors of w.
3, 137
Suppose -27 = -5*k - 7. What are the prime factors of k?
2
Suppose 4*z + 6 + 2 = 4*o, 16 = 5*o - 2*z. Suppose -3*x - o = 2, 2*m + 5*x - 2 = 0. List the prime factors of m.
2, 3
Let v = 6 - 5. Suppose 3 + v = w. Suppose 5*l - 17 + 0 = w*q, l - 2*q = 1. What are the prime factors of l?
5
Suppose -2*t - 190 = -21*t. What are the prime factors of t?
2, 5
Let y be 133/9 + (-4)/(-18). Let i(p) = p**3 - 14*p**2 - 12*p - 12. What are the prime factors of i(y)?
3, 11
Let l be (-89)/(((-9)/3)/(-3)). Let y = -41 - l. Suppose y = 4*u + 2*t, -3*t + t + 26 = 2*u. List the prime factors of u.
11
Let c(u) be the third derivative of -5/24*u**4 + u**2 + 0 + 0*u + 1/60*u**5 + 1/2*u**3. What are the prime factors of c(5)?
3
Let s(b) = -b - 3. Let t be s(-4). Suppose -3*u + 2*u = -t. Let x = 3 + u. What are the prime factors of x?
2
Suppose -2*y + 2*o + 5 = 1, y + o + 2 = 0. Suppose 0 = h - 4*h - 18. What are the prime factors of (18 - y)/(h/(-4))?
2, 3
Suppose 4*m - 2*m = 8. Let q(y) = -y**3 + 7*y**2 - 5*y - 1. List the prime factors of q(m).
3
Let s be 1/3*3*3. Suppose -2*y - 12 = -3*n, s*y + 2*n = n + 4. Suppose y = 3*c - 14 - 16. What are the prime factors of c?
2, 5
Let g = -8 - -8. Suppose -4*v + 0*v + 268 = g. Suppose s = 5*a - v, -4*a + 53 = 3*s - 4*s. What are the prime factors of a?
2, 7
Let q(p) = p**3 + 3*p**2 - 6*p - 6. Let x(a) = a. Let m be x(2). Suppose -m = 5*v + 18. List the prime factors of q(v).
2
Suppose 2*j - 324 = 3*r, -5*j - 171 = -2*r - 970. What are the prime factors of j?
3, 53
Suppose -36 = -4*a + 2*o - 0, -6 = -2*a - 5*o. List the prime factors of a.
2
Suppose -s - h = -16, -2*s + 2*h + 12 + 12 = 0. Let a = 25 - s. What are the prime factors of a?
11
Suppose 0 = -4*n - n + 3*j + 1165, 3*j + 245 = n. What are the prime factors of n?
2, 5, 23
Suppose 0 = -2*m - 0*m - 168. What are the prime factors of (-3)/(-2)*m/(-9)?
2, 7
Suppose 0 = 5*g + c, -4*g - 6*c - 16 = -2*c. Let z(t) = 7*t**2 + 2*t - 1. Let u be z(g). Suppose -u = -5*b + 12. List the prime factors of b.
2
Let h(n) = -n**2 - 25*n - 22.